{"id":572,"date":"2025-09-10T04:20:55","date_gmt":"2025-09-10T04:20:55","guid":{"rendered":"https:\/\/dress.marketingtrevo.com.br\/?page_id=572"},"modified":"2025-12-09T18:43:10","modified_gmt":"2025-12-09T21:43:10","slug":"agendamento","status":"publish","type":"page","link":"https:\/\/dressmeup.com.br\/goiania\/agendamento\/","title":{"rendered":"Agendamento"},"content":{"rendered":"<style>.elementor-572 .elementor-element.elementor-element-672ccb09:not(.elementor-motion-effects-element-type-background), .elementor-572 .elementor-element.elementor-element-672ccb09 > .elementor-motion-effects-container > .elementor-motion-effects-layer{background-image:url(\"https:\/\/dressmeup.com.br\/goiania\/wp-content\/uploads\/2025\/11\/Dress-Me-Up.jpg\");background-position:top center;background-size:cover;}.elementor-572 .elementor-element.elementor-element-672ccb09 > .elementor-background-overlay{background-color:#000000;opacity:0.5;transition:background 0.3s, border-radius 0.3s, opacity 0.3s;}.elementor-572 .elementor-element.elementor-element-672ccb09{transition:background 0.3s, border 0.3s, border-radius 0.3s, box-shadow 0.3s;margin-top:-2px;margin-bottom:0px;padding:180px 0px 120px 0px;}.elementor-572 .elementor-element.elementor-element-2187670d > .elementor-element-populated{padding:0px 0px 0px 0px;}.elementor-572 .elementor-element.elementor-element-347b1872{text-align:center;}.elementor-572 .elementor-element.elementor-element-347b1872 .elementor-heading-title{font-family:\"ZapfHumanist\", Sans-serif;font-size:40px;font-weight:300;text-transform:uppercase;color:var( --e-global-color-bbd710c );}.elementor-572 .elementor-element.elementor-element-a515f1a{margin-top:60px;margin-bottom:60px;}.elementor-572 .elementor-element.elementor-element-4732b98 > .elementor-element-populated{padding:0px 0px 0px 0px;}.elementor-572 .elementor-element.elementor-element-6150d96{text-align:center;}.elementor-572 .elementor-element.elementor-element-6150d96 .elementor-heading-title{font-family:\"ZapfHumanist\", Sans-serif;font-size:21px;font-weight:400;text-transform:none;color:var( --e-global-color-primary );}.elementor-572 .elementor-element.elementor-element-7a3774d > .elementor-element-populated{padding:0% 0% 0% 10%;}.elementor-572 .elementor-element.elementor-element-d98db71{text-align:center;}.elementor-572 .elementor-element.elementor-element-d98db71 .elementor-heading-title{font-family:\"ZapfHumanist\", Sans-serif;font-size:21px;font-weight:400;text-transform:none;color:var( --e-global-color-primary );}.elementor-572 .elementor-element.elementor-element-edcdf49{text-align:center;font-family:\"Raleway\", Sans-serif;font-size:16px;font-weight:300;text-transform:none;color:var( --e-global-color-text );}.elementor-572 .elementor-element.elementor-element-a20a432 .elementor-button{font-family:\"ZapfHumanist\", Sans-serif;font-size:16px;font-weight:400;text-transform:uppercase;text-decoration:none;fill:#000000;color:#000000;background-color:#D9CCBD;border-radius:0px 0px 0px 0px;padding:18px 38px 18px 38px;}.elementor-572 .elementor-element.elementor-element-a20a432 .elementor-button:hover, .elementor-572 .elementor-element.elementor-element-a20a432 .elementor-button:focus{color:#FFFFFF;background-color:#373435;border-color:var( --e-global-color-primary );}.elementor-572 .elementor-element.elementor-element-a20a432 .elementor-button:hover svg, .elementor-572 .elementor-element.elementor-element-a20a432 .elementor-button:focus svg{fill:#FFFFFF;}.elementor-572 .elementor-element.elementor-element-58951bc3 > .elementor-container{max-width:1280px;}.elementor-572 .elementor-element.elementor-element-58951bc3{padding:40px 0px 140px 0px;}.elementor-bc-flex-widget .elementor-572 .elementor-element.elementor-element-403c19c3.elementor-column .elementor-widget-wrap{align-items:center;}.elementor-572 .elementor-element.elementor-element-403c19c3.elementor-column.elementor-element[data-element_type=\"column\"] > .elementor-widget-wrap.elementor-element-populated{align-content:center;align-items:center;}.elementor-572 .elementor-element.elementor-element-403c19c3 > .elementor-element-populated{margin:0px 30px 0px 0px;--e-column-margin-right:30px;--e-column-margin-left:0px;}.elementor-572 .elementor-element.elementor-element-5a154b7f > .elementor-element-populated{margin:0px 0px 0px 15px;--e-column-margin-right:0px;--e-column-margin-left:15px;}.elementor-572 .elementor-element.elementor-element-4ee42166 .elementor-heading-title{font-family:\"ZapfHumanist\", Sans-serif;font-size:25px;font-weight:400;text-transform:uppercase;color:var( --e-global-color-primary );}.elementor-572 .elementor-element.elementor-element-897d3f0 .elementor-icon-list-items:not(.elementor-inline-items) .elementor-icon-list-item:not(:last-child){padding-block-end:calc(10px\/2);}.elementor-572 .elementor-element.elementor-element-897d3f0 .elementor-icon-list-items:not(.elementor-inline-items) .elementor-icon-list-item:not(:first-child){margin-block-start:calc(10px\/2);}.elementor-572 .elementor-element.elementor-element-897d3f0 .elementor-icon-list-items.elementor-inline-items .elementor-icon-list-item{margin-inline:calc(10px\/2);}.elementor-572 .elementor-element.elementor-element-897d3f0 .elementor-icon-list-items.elementor-inline-items{margin-inline:calc(-10px\/2);}.elementor-572 .elementor-element.elementor-element-897d3f0 .elementor-icon-list-items.elementor-inline-items .elementor-icon-list-item:after{inset-inline-end:calc(-10px\/2);}.elementor-572 .elementor-element.elementor-element-897d3f0 .elementor-icon-list-icon i{color:var( --e-global-color-be9dd98 );transition:color 0.3s;}.elementor-572 .elementor-element.elementor-element-897d3f0 .elementor-icon-list-icon svg{fill:var( --e-global-color-be9dd98 );transition:fill 0.3s;}.elementor-572 .elementor-element.elementor-element-897d3f0{--e-icon-list-icon-size:14px;--icon-vertical-offset:0px;}.elementor-572 .elementor-element.elementor-element-897d3f0 .elementor-icon-list-item > .elementor-icon-list-text, .elementor-572 .elementor-element.elementor-element-897d3f0 .elementor-icon-list-item > a{font-family:\"ZapfHumanist\", Sans-serif;font-size:17px;font-weight:400;text-transform:none;text-decoration:none;}.elementor-572 .elementor-element.elementor-element-897d3f0 .elementor-icon-list-text{color:var( --e-global-color-text );transition:color 0.3s;}.elementor-572 .elementor-element.elementor-element-21f66327 > .elementor-element-populated{margin:0px 30px 0px 0px;--e-column-margin-right:30px;--e-column-margin-left:0px;}:root{--page-title-display:none;}@media(max-width:1024px) and (min-width:768px){.elementor-572 .elementor-element.elementor-element-403c19c3{width:100%;}.elementor-572 .elementor-element.elementor-element-21f66327{width:100%;}}@media(max-width:1024px){.elementor-572 .elementor-element.elementor-element-347b1872 .elementor-heading-title{font-size:38px;}.elementor-572 .elementor-element.elementor-element-6150d96 .elementor-heading-title{font-size:20px;}.elementor-572 .elementor-element.elementor-element-d98db71 .elementor-heading-title{font-size:20px;}.elementor-572 .elementor-element.elementor-element-edcdf49{font-size:14px;}.elementor-572 .elementor-element.elementor-element-a20a432 .elementor-button{font-size:14px;}.elementor-572 .elementor-element.elementor-element-58951bc3{padding:60px 15px 140px 15px;}.elementor-572 .elementor-element.elementor-element-4ee42166 .elementor-heading-title{font-size:20px;}.elementor-572 .elementor-element.elementor-element-897d3f0 .elementor-icon-list-item > .elementor-icon-list-text, .elementor-572 .elementor-element.elementor-element-897d3f0 .elementor-icon-list-item > a{font-size:14px;}.elementor-572 .elementor-element.elementor-element-21f66327 > .elementor-element-populated{margin:40px 0px 0px 0px;--e-column-margin-right:0px;--e-column-margin-left:0px;}}@media(max-width:767px){.elementor-572 .elementor-element.elementor-element-347b1872 .elementor-heading-title{font-size:28px;}.elementor-572 .elementor-element.elementor-element-4732b98 > .elementor-element-populated{padding:0% 5% 0% 5%;}.elementor-572 .elementor-element.elementor-element-7a3774d > .elementor-element-populated{padding:0% 5% 0% 5%;}.elementor-572 .elementor-element.elementor-element-edcdf49{font-size:14px;}.elementor-572 .elementor-element.elementor-element-a20a432 .elementor-button{font-size:14px;}.elementor-572 .elementor-element.elementor-element-58951bc3{margin-top:0px;margin-bottom:0px;padding:0% 5% 0% 5%;}.elementor-572 .elementor-element.elementor-element-403c19c3 > .elementor-element-populated{margin:0px 0px 0px 0px;--e-column-margin-right:0px;--e-column-margin-left:0px;}.elementor-572 .elementor-element.elementor-element-6c4327ea{margin-top:0px;margin-bottom:0px;padding:0px 0px 0px 0px;}.elementor-572 .elementor-element.elementor-element-5a154b7f > .elementor-element-populated{margin:20px 0px 0px 0px;--e-column-margin-right:0px;--e-column-margin-left:0px;padding:0px 0px 0px 0px;}.elementor-572 .elementor-element.elementor-element-4ee42166{text-align:center;}.elementor-572 .elementor-element.elementor-element-897d3f0 .elementor-icon-list-item > .elementor-icon-list-text, .elementor-572 .elementor-element.elementor-element-897d3f0 .elementor-icon-list-item > a{font-size:14px;}.elementor-572 .elementor-element.elementor-element-897d3f0{margin:0px 0px calc(var(--kit-widget-spacing, 0px) + 0px) 0px;padding:0px 0px 0px 0px;}}\/* Start custom CSS for heading, class: .elementor-element-347b1872 *\/.elementor-572 .elementor-element.elementor-element-347b1872 {\r\n    position: relative;\r\n    display: inline-block;\r\n    padding-bottom: 0px;\r\n}\r\n\r\n.elementor-572 .elementor-element.elementor-element-347b1872::after {\r\n    content: \"\";\r\n    position: absolute;\r\n    bottom: 0;\r\n    left: 50%;                 \/* centraliza *\/\r\n    transform: translateX(-50%); \/* corrige ponto de origem *\/\r\n    width: 25%;               \/* pode ajustar para mais ou menos *\/\r\n    height: 3px;\r\n\r\n    background: linear-gradient(\r\n        to right,\r\n        rgba(255,255,255,0) 0%,\r\n        rgba(255,255,255,0.4) 20%,\r\n        rgba(255,255,255,0.7) 50%,\r\n        rgba(255,255,255,0.4) 80%,\r\n        rgba(255,255,255,0) 100%\r\n    );\r\n}\/* End custom CSS *\/\n\/* Start Custom Fonts CSS *\/@font-face {\n\tfont-family: 'ZapfHumanist';\n\tfont-style: normal;\n\tfont-weight: normal;\n\tfont-display: auto;\n\tsrc: url('https:\/\/dressmeup.com.br\/goiania\/wp-content\/uploads\/2025\/12\/AnyConv.com__ZHUM601N.woff2') format('woff2'),\n\t\turl('https:\/\/dressmeup.com.br\/goiania\/wp-content\/uploads\/2025\/12\/AnyConv.com__ZHUM601N.woff') format('woff');\n}\n\/* End Custom Fonts CSS *\/<\/style>\t\t<div data-elementor-type=\"wp-page\" data-elementor-id=\"572\" class=\"elementor elementor-572\" data-elementor-post-type=\"page\">\n\t\t\t\t\t\t<section class=\"elementor-section elementor-top-section elementor-element elementor-element-672ccb09 elementor-section-full_width elementor-section-stretched elementor-section-height-default elementor-section-height-default\" data-id=\"672ccb09\" data-element_type=\"section\" data-e-type=\"section\" data-settings=\"{&quot;background_background&quot;:&quot;classic&quot;,&quot;stretch_section&quot;:&quot;section-stretched&quot;}\">\n\t\t\t\t\t\t\t<div class=\"elementor-background-overlay\"><\/div>\n\t\t\t\t\t\t\t<div class=\"elementor-container elementor-column-gap-no\">\n\t\t\t\t\t<div class=\"elementor-column elementor-col-100 elementor-top-column elementor-element elementor-element-2187670d\" data-id=\"2187670d\" data-element_type=\"column\" data-e-type=\"column\">\n\t\t\t<div class=\"elementor-widget-wrap elementor-element-populated\">\n\t\t\t\t\t\t<div class=\"elementor-element elementor-element-347b1872 elementor-widget elementor-widget-heading\" data-id=\"347b1872\" data-element_type=\"widget\" data-e-type=\"widget\" data-widget_type=\"heading.default\">\n\t\t\t\t\t<h2 class=\"elementor-heading-title elementor-size-default\">AGENDAMENTO LOJA GOI\u00c2NIA<\/h2>\t\t\t\t<\/div>\n\t\t\t\t\t<\/div>\n\t\t<\/div>\n\t\t\t\t\t<\/div>\n\t\t<\/section>\n\t\t\t\t<section class=\"elementor-section elementor-top-section elementor-element elementor-element-a515f1a elementor-section-boxed elementor-section-height-default elementor-section-height-default\" data-id=\"a515f1a\" data-element_type=\"section\" data-e-type=\"section\">\n\t\t\t\t\t\t<div class=\"elementor-container elementor-column-gap-default\">\n\t\t\t\t\t<div class=\"elementor-column elementor-col-50 elementor-top-column elementor-element elementor-element-4732b98\" data-id=\"4732b98\" data-element_type=\"column\" data-e-type=\"column\">\n\t\t\t<div class=\"elementor-widget-wrap elementor-element-populated\">\n\t\t\t\t\t\t<div class=\"elementor-element elementor-element-6150d96 elementor-widget elementor-widget-heading\" data-id=\"6150d96\" data-element_type=\"widget\" data-e-type=\"widget\" data-widget_type=\"heading.default\">\n\t\t\t\t\t<h2 class=\"elementor-heading-title elementor-size-default\">Escolha o melhor dia e hor\u00e1rio no calend\u00e1rio.<\/h2>\t\t\t\t<\/div>\n\t\t\t\t<div class=\"elementor-element elementor-element-e1a712b elementor-widget elementor-widget-html\" data-id=\"e1a712b\" data-element_type=\"widget\" data-e-type=\"widget\" data-widget_type=\"html.default\">\n\t\t\t\t\t<script src=\"https:\/\/embed.ycb.me\" async=\"true\" data-domain=\"dressmeupgyn\"><\/script>\t\t\t\t<\/div>\n\t\t\t\t\t<\/div>\n\t\t<\/div>\n\t\t\t\t<div class=\"elementor-column elementor-col-50 elementor-top-column elementor-element elementor-element-7a3774d\" data-id=\"7a3774d\" data-element_type=\"column\" data-e-type=\"column\">\n\t\t\t<div class=\"elementor-widget-wrap elementor-element-populated\">\n\t\t\t\t\t\t<div class=\"elementor-element elementor-element-d98db71 elementor-widget elementor-widget-heading\" data-id=\"d98db71\" data-element_type=\"widget\" data-e-type=\"widget\" data-widget_type=\"heading.default\">\n\t\t\t\t\t<h2 class=\"elementor-heading-title elementor-size-default\">N\u00e3o encontrou o dia e hor\u00e1rio que deseja?<\/h2>\t\t\t\t<\/div>\n\t\t\t\t<div class=\"elementor-element elementor-element-edcdf49 elementor-widget elementor-widget-text-editor\" data-id=\"edcdf49\" data-element_type=\"widget\" data-e-type=\"widget\" data-widget_type=\"text-editor.default\">\n\t\t\t\t\t\t\t\t\t<p><span style=\"font-weight: 400;\">Fale com nossa equipe pelo WhatsApp da unidade.<br \/>Vamos tentar um encaixe ou incluir seu contato na lista de espera.<\/span><\/p>\t\t\t\t\t\t\t\t<\/div>\n\t\t\t\t<div class=\"elementor-element elementor-element-a20a432 elementor-align-center elementor-mobile-align-center elementor-widget elementor-widget-button\" data-id=\"a20a432\" data-element_type=\"widget\" data-e-type=\"widget\" data-widget_type=\"button.default\">\n\t\t\t\t\t\t\t\t\t\t<a class=\"elementor-button elementor-button-link elementor-size-sm\" href=\"https:\/\/web.whatsapp.com\/send?phone=5562998655030\" target=\"_blank\">\n\t\t\t\t\t\t<span class=\"elementor-button-content-wrapper\">\n\t\t\t\t\t\t\t\t\t<span class=\"elementor-button-text\">Entrar em contato pelo WhatsApp<\/span>\n\t\t\t\t\t<\/span>\n\t\t\t\t\t<\/a>\n\t\t\t\t\t\t\t\t<\/div>\n\t\t\t\t\t<\/div>\n\t\t<\/div>\n\t\t\t\t\t<\/div>\n\t\t<\/section>\n\t\t\t\t<section class=\"elementor-section elementor-top-section elementor-element elementor-element-58951bc3 elementor-section-boxed elementor-section-height-default elementor-section-height-default\" data-id=\"58951bc3\" data-element_type=\"section\" data-e-type=\"section\">\n\t\t\t\t\t\t<div class=\"elementor-container elementor-column-gap-no\">\n\t\t\t\t\t<div class=\"elementor-column elementor-col-50 elementor-top-column elementor-element elementor-element-403c19c3\" data-id=\"403c19c3\" data-element_type=\"column\" data-e-type=\"column\">\n\t\t\t<div class=\"elementor-widget-wrap elementor-element-populated\">\n\t\t\t\t\t\t<section class=\"elementor-section elementor-inner-section elementor-element elementor-element-6c4327ea elementor-section-boxed elementor-section-height-default elementor-section-height-default\" data-id=\"6c4327ea\" data-element_type=\"section\" data-e-type=\"section\">\n\t\t\t\t\t\t<div class=\"elementor-container elementor-column-gap-no\">\n\t\t\t\t\t<div class=\"elementor-column elementor-col-100 elementor-inner-column elementor-element elementor-element-5a154b7f\" data-id=\"5a154b7f\" data-element_type=\"column\" data-e-type=\"column\">\n\t\t\t<div class=\"elementor-widget-wrap elementor-element-populated\">\n\t\t\t\t\t\t<div class=\"elementor-element elementor-element-4ee42166 elementor-widget elementor-widget-heading\" data-id=\"4ee42166\" data-element_type=\"widget\" data-e-type=\"widget\" data-widget_type=\"heading.default\">\n\t\t\t\t\t<h3 class=\"elementor-heading-title elementor-size-default\">Goi\u00e2nia<\/h3>\t\t\t\t<\/div>\n\t\t\t\t<div class=\"elementor-element elementor-element-897d3f0 elementor-icon-list--layout-traditional elementor-list-item-link-full_width elementor-widget elementor-widget-icon-list\" data-id=\"897d3f0\" data-element_type=\"widget\" data-e-type=\"widget\" data-widget_type=\"icon-list.default\">\n\t\t\t\t\t\t\t<ul class=\"elementor-icon-list-items\">\n\t\t\t\t\t\t\t<li class=\"elementor-icon-list-item\">\n\t\t\t\t\t\t\t\t\t\t\t<a href=\"http:\/\/wa.me\/5562998655030\">\n\n\t\t\t\t\t\t\t\t\t\t\t\t<span class=\"elementor-icon-list-icon\">\n\t\t\t\t\t\t\t<i aria-hidden=\"true\" class=\"jki jki-whatsapp-1-light\"><\/i>\t\t\t\t\t\t<\/span>\n\t\t\t\t\t\t\t\t\t\t<span class=\"elementor-icon-list-text\">(62) 9 9865-5030<\/span>\n\t\t\t\t\t\t\t\t\t\t\t<\/a>\n\t\t\t\t\t\t\t\t\t<\/li>\n\t\t\t\t\t\t\t\t<li class=\"elementor-icon-list-item\">\n\t\t\t\t\t\t\t\t\t\t\t<span class=\"elementor-icon-list-icon\">\n\t\t\t\t\t\t\t<svg aria-hidden=\"true\" class=\"e-font-icon-svg e-fas-envelope\" viewBox=\"0 0 512 512\" xmlns=\"http:\/\/www.w3.org\/2000\/svg\"><path d=\"M502.3 190.8c3.9-3.1 9.7-.2 9.7 4.7V400c0 26.5-21.5 48-48 48H48c-26.5 0-48-21.5-48-48V195.6c0-5 5.7-7.8 9.7-4.7 22.4 17.4 52.1 39.5 154.1 113.6 21.1 15.4 56.7 47.8 92.2 47.6 35.7.3 72-32.8 92.3-47.6 102-74.1 131.6-96.3 154-113.7zM256 320c23.2.4 56.6-29.2 73.4-41.4 132.7-96.3 142.8-104.7 173.4-128.7 5.8-4.5 9.2-11.5 9.2-18.9v-19c0-26.5-21.5-48-48-48H48C21.5 64 0 85.5 0 112v19c0 7.4 3.4 14.3 9.2 18.9 30.6 23.9 40.7 32.4 173.4 128.7 16.8 12.2 50.2 41.8 73.4 41.4z\"><\/path><\/svg>\t\t\t\t\t\t<\/span>\n\t\t\t\t\t\t\t\t\t\t<span class=\"elementor-icon-list-text\">gyn@dressmeup.com.br<\/span>\n\t\t\t\t\t\t\t\t\t<\/li>\n\t\t\t\t\t\t\t\t<li class=\"elementor-icon-list-item\">\n\t\t\t\t\t\t\t\t\t\t\t<span class=\"elementor-icon-list-icon\">\n\t\t\t\t\t\t\t<svg aria-hidden=\"true\" class=\"e-font-icon-svg e-fas-map-marker-alt\" viewBox=\"0 0 384 512\" xmlns=\"http:\/\/www.w3.org\/2000\/svg\"><path d=\"M172.268 501.67C26.97 291.031 0 269.413 0 192 0 85.961 85.961 0 192 0s192 85.961 192 192c0 77.413-26.97 99.031-172.268 309.67-9.535 13.774-29.93 13.773-39.464 0zM192 272c44.183 0 80-35.817 80-80s-35.817-80-80-80-80 35.817-80 80 35.817 80 80 80z\"><\/path><\/svg>\t\t\t\t\t\t<\/span>\n\t\t\t\t\t\t\t\t\t\t<span class=\"elementor-icon-list-text\">Av. T4, 1478 sala 122A - Setor Bueno - Goi\u00e2nia - GO<\/span>\n\t\t\t\t\t\t\t\t\t<\/li>\n\t\t\t\t\t\t<\/ul>\n\t\t\t\t\t\t<\/div>\n\t\t\t\t\t<\/div>\n\t\t<\/div>\n\t\t\t\t\t<\/div>\n\t\t<\/section>\n\t\t\t\t\t<\/div>\n\t\t<\/div>\n\t\t\t\t<div class=\"elementor-column elementor-col-50 elementor-top-column elementor-element elementor-element-21f66327\" data-id=\"21f66327\" data-element_type=\"column\" data-e-type=\"column\">\n\t\t\t<div class=\"elementor-widget-wrap elementor-element-populated\">\n\t\t\t\t\t\t<div class=\"elementor-element elementor-element-eff447d elementor-widget elementor-widget-html\" data-id=\"eff447d\" data-element_type=\"widget\" data-e-type=\"widget\" data-widget_type=\"html.default\">\n\t\t\t\t\t<iframe src=\"https:\/\/www.google.com\/maps\/embed?pb=!1m18!1m12!1m3!1d3821.147913887023!2d-49.269597324092!3d-16.719469946415355!2m3!1f0!2f0!3f0!3m2!1i1024!2i768!4f13.1!3m3!1m2!1s0x935ef1a6a7d398cb%3A0x7efe10f4180acb20!2sAluguel%20de%20Vestidos%20de%20Festa%20em%20Goi%C3%A2nia%20-%20Atendimento%20com%20hor%C3%A1rio%20agendado!5e0!3m2!1spt-BR!2sbr!4v1762787137367!5m2!1spt-BR!2sbr\" width=\"600\" height=\"450\" style=\"border:0;\" allowfullscreen=\"\" loading=\"lazy\" referrerpolicy=\"no-referrer-when-downgrade\"><\/iframe>\t\t\t\t<\/div>\n\t\t\t\t\t<\/div>\n\t\t<\/div>\n\t\t\t\t\t<\/div>\n\t\t<\/section>\n\t\t\t\t<\/div>\n\t\t","protected":false},"excerpt":{"rendered":"<p>AGENDAMENTO LOJA GOI\u00c2NIA Escolha o melhor dia e hor\u00e1rio no calend\u00e1rio. N\u00e3o encontrou o dia e hor\u00e1rio que deseja? Fale [&hellip;]<\/p>\n","protected":false},"author":1,"featured_media":0,"parent":0,"menu_order":0,"comment_status":"closed","ping_status":"closed","template":"","meta":{"site-sidebar-layout":"default","site-content-layout":"","ast-site-content-layout":"default","site-content-style":"default","site-sidebar-style":"default","ast-global-header-display":"","ast-banner-title-visibility":"","ast-main-header-display":"","ast-hfb-above-header-display":"","ast-hfb-below-header-display":"","ast-hfb-mobile-header-display":"","site-post-title":"disabled","ast-breadcrumbs-content":"","ast-featured-img":"","footer-sml-layout":"","theme-transparent-header-meta":"","adv-header-id-meta":"","stick-header-meta":"","header-above-stick-meta":"","header-main-stick-meta":"","header-below-stick-meta":"","astra-migrate-meta-layouts":"default","ast-page-background-enabled":"default","ast-page-background-meta":{"desktop":{"background-color":"var(--ast-global-color-5)","background-image":"","background-repeat":"repeat","background-position":"center center","background-size":"auto","background-attachment":"scroll","background-type":"","background-media":"","overlay-type":"","overlay-color":"","overlay-opacity":"","overlay-gradient":""},"tablet":{"background-color":"","background-image":"","background-repeat":"repeat","background-position":"center center","background-size":"auto","background-attachment":"scroll","background-type":"","background-media":"","overlay-type":"","overlay-color":"","overlay-opacity":"","overlay-gradient":""},"mobile":{"background-color":"","background-image":"","background-repeat":"repeat","background-position":"center center","background-size":"auto","background-attachment":"scroll","background-type":"","background-media":"","overlay-type":"","overlay-color":"","overlay-opacity":"","overlay-gradient":""}},"ast-content-background-meta":{"desktop":{"background-color":"var(--ast-global-color-4)","background-image":"","background-repeat":"repeat","background-position":"center center","background-size":"auto","background-attachment":"scroll","background-type":"","background-media":"","overlay-type":"","overlay-color":"","overlay-opacity":"","overlay-gradient":""},"tablet":{"background-color":"var(--ast-global-color-4)","background-image":"","background-repeat":"repeat","background-position":"center center","background-size":"auto","background-attachment":"scroll","background-type":"","background-media":"","overlay-type":"","overlay-color":"","overlay-opacity":"","overlay-gradient":""},"mobile":{"background-color":"var(--ast-global-color-4)","background-image":"","background-repeat":"repeat","background-position":"center center","background-size":"auto","background-attachment":"scroll","background-type":"","background-media":"","overlay-type":"","overlay-color":"","overlay-opacity":"","overlay-gradient":""}},"footnotes":""},"class_list":["post-572","page","type-page","status-publish","hentry"],"_links":{"self":[{"href":"https:\/\/dressmeup.com.br\/goiania\/wp-json\/wp\/v2\/pages\/572","targetHints":{"allow":["GET"]}}],"collection":[{"href":"https:\/\/dressmeup.com.br\/goiania\/wp-json\/wp\/v2\/pages"}],"about":[{"href":"https:\/\/dressmeup.com.br\/goiania\/wp-json\/wp\/v2\/types\/page"}],"author":[{"embeddable":true,"href":"https:\/\/dressmeup.com.br\/goiania\/wp-json\/wp\/v2\/users\/1"}],"replies":[{"embeddable":true,"href":"https:\/\/dressmeup.com.br\/goiania\/wp-json\/wp\/v2\/comments?post=572"}],"version-history":[{"count":133,"href":"https:\/\/dressmeup.com.br\/goiania\/wp-json\/wp\/v2\/pages\/572\/revisions"}],"predecessor-version":[{"id":15018,"href":"https:\/\/dressmeup.com.br\/goiania\/wp-json\/wp\/v2\/pages\/572\/revisions\/15018"}],"wp:attachment":[{"href":"https:\/\/dressmeup.com.br\/goiania\/wp-json\/wp\/v2\/media?parent=572"}],"curies":[{"name":"wp","href":"https:\/\/api.w.org\/{rel}","templated":true}]}}